of g?
2
Let u = -4 - -7. Suppose 8 + 52 = -u*h. What is the units digit of ((-35)/h)/((-2)/(-8))?
7
Suppose -2*d - 3*t - 5 = 0, -2*t - 3 = 3*d + 7. What is the units digit of 3/(-6) - 30/d?
7
Suppose 2*i = 2 + 2. What is the units digit of i?
2
Suppose -2*z = -564 + 72. What is the hundreds digit of z?
2
Let b(x) = -x + 6. Let z be b(8). Let l = 1 - z. Suppose d + 2*s = 2, 5*d - l*d - 10 = -2*s. What is the units digit of d?
8
Let m(f) = -f**3 + 2*f**2 - 1. Let p = 0 + -1. Let t be m(p). Suppose 2*y = 4*y - t. What is the units digit of y?
1
Suppose 0*h - 5*p + 25 = 3*h, -5*h = -2*p - 52. Let a = -8 + 1. Let o = h + a. What is the units digit of o?
3
What is the tens digit of 3 + 21 - (-1)/(-1)?
2
Suppose -3*p - 2*a + 34 + 26 = 0, -5*p = 3*a - 101. What is the units digit of p?
2
Suppose 5*j - 28 = 4*j. What is the tens digit of j?
2
Suppose 0 = 6*a - 3*a. Let i(p) = p**2 + p - 2. Let h be i(a). What is the units digit of 8 - ((-2)/h - 0)?
7
Let d = -20 - 1. Suppose 5 = 3*l + 41. Let g = l - d. What is the units digit of g?
9
Let g = -21 + 17. Let l = 14 - g. What is the units digit of l?
8
Let w = -13 + -27. Let x = -20 - w. What is the units digit of x?
0
Let d(p) = 7*p - 34. What is the hundreds digit of d(21)?
1
Let h(a) = -a. Suppose 0 = -5*x - 33 - 2. What is the units digit of h(x)?
7
Suppose -3*d - 4*o = -d + 10, 2*d = 2*o + 14. Suppose d*u = -u - 4. What is the units digit of 9 + 0 + 1 - u?
1
Suppose 0 = -6*u + 1832 + 298. What is the hundreds digit of u?
3
Let i(s) = s**2 + 17*s + 5. What is the tens digit of i(7)?
7
Suppose -5*o - 3*d = -946, -3*o + d = 3*d - 568. What is the hundreds digit of o?
1
Let n(l) = -l**3 - 7*l**2 - 13*l - 10. What is the tens digit of n(-9)?
6
Suppose 0*u = 6*u - 288. What is the tens digit of u?
4
What is the units digit of 48/14 + (-4)/(-7)?
4
Suppose 4*q = -o - 4 - 1, 0 = o - 4*q + 5. Let u be -1 + 18 + 3 + o. What is the units digit of 1*u + (-12)/6?
3
Let l = 2 + -1. Let o(d) = -8*d**3 - 2*d + 1. Let g be o(l). Let t = -5 - g. What is the units digit of t?
4
Suppose 5*a - 654 = -4*q, 2*q - a = -4*a + 328. What is the hundreds digit of q?
1
Let n(p) = 2*p**3 + p**2 - 3*p - 1. What is the tens digit of n(3)?
5
Suppose 4*j = 8 + 72. Let z = j + 6. What is the tens digit of z?
2
Let f(v) be the first derivative of -v**2/2 + 2*v - 1. Let i be f(7). Let u = 1 - i. What is the units digit of u?
6
What is the hundreds digit of (-4823)/(-14) + (-9)/(-6) + 0?
3
Let v = -160 - -268. Let i = -3 + 8. Suppose i*j + 18 = v. What is the units digit of j?
8
Let s(c) = 10*c + 2. Let b be s(-1). What is the units digit of (17 - 0)*(-8)/b?
7
Let s(x) = 8*x + 19. Let l(h) = 8*h + 20. Let g(n) = 4*l(n) - 5*s(n). What is the tens digit of g(-6)?
3
Suppose k + 11 = 2*u, -4*u + k + 0 + 21 = 0. Suppose 136 = 3*i - u*j, -i + 174 = 3*i - 3*j. Suppose -b + 4*b - i = 0. What is the units digit of b?
4
Let w be 6/(-3) + 10 - 3. Suppose w*c - 2 = 13. What is the units digit of (c/(-2))/(15/(-80))?
8
Let o = 119 + -53. What is the tens digit of o?
6
Suppose -5*u + 3 = -7. Suppose 0 = u*x - x - 19. What is the units digit of x?
9
Let b be (-7)/3 - 4/(-12). What is the units digit of 6/b - (-5 + 1)?
1
Suppose -5*w + 2*w - s = -11, 3*w = -5*s + 19. Suppose -o + 6 = -w*p + p, 4*p - 18 = -3*o. Suppose 3*q = o*q - 9. What is the units digit of q?
3
Let a(l) = -l**3 - 4*l**2 - 9*l + 12. Let c(k) = k**2 - 2*k**2 + 0*k**2 - 1. Let u(v) = a(v) + 5*c(v). What is the tens digit of u(-8)?
1
Let o = -1 - -4. Let u(c) = 2*c - 6. Let b be u(10). Suppose -22 = -2*y + 7*l - o*l, -y - 3*l - b = 0. What is the units digit of y?
1
Let x = -1 - -1. Let a = x + 3. Suppose 0 = 3*d - 0*p + a*p - 30, 20 = 2*d - 5*p. What is the tens digit of d?
1
Let s(d) = -d**2 + 7*d - 3. Let u = -8 + 13. What is the units digit of s(u)?
7
Suppose 0*u + 4*u - 8 = 0. What is the units digit of 24/(-9)*(-3)/u?
4
Let d be 288/20 - (-4)/(-10). What is the tens digit of (-159)/(-7) + 4/d?
2
Suppose -w = 4*w + 110. Let b = w + 41. What is the tens digit of b?
1
Let r = 176 + -110. Suppose -h = 4*u - 33, 4*h - h - r = -u. What is the tens digit of h?
2
What is the tens digit of 15/30 + 186/4?
4
Let c = 4 - -3. Suppose 0 = -f - 4 + c. What is the units digit of f?
3
Suppose 4*h - 143 = -h - 3*l, -4*h + 4*l + 140 = 0. Suppose 39 = -h*c + 34*c. What is the units digit of c?
3
Let h(l) = -1 - 4 - 2 - l**2 - 12*l + 0. What is the units digit of h(-7)?
8
Let m = -7 - -25. Suppose -a = -0*a - m. What is the tens digit of a?
1
Let v = -14 + 23. Suppose -2*s - s = -v. What is the tens digit of s/(9/(-5) + 2)?
1
Let g be -3*((-25)/3)/1. Suppose -3*m - g = 2*m. What is the units digit of (m/15)/((-2)/6)?
1
What is the units digit of 1*(1 - (3 - 41))?
9
Let l(h) = -h**3 - 5*h**2 + 7*h + 8. Let c(o) be the third derivative of -o**6/60 + o**5/30 + o**3/3 - 2*o**2. Let j be c(2). What is the units digit of l(j)?
2
Suppose -2*g - 321 = -3*v + g, -217 = -2*v - g. What is the hundreds digit of v?
1
Let k = 7 - 7. Suppose k = 2*p - o + 3*o - 28, 3*p - 72 = 3*o. What is the tens digit of p?
1
Let j = 2 + 0. What is the tens digit of 252/16 + j/8?
1
What is the tens digit of (2 + (-78)/15)/((-2)/10)?
1
Let l(o) = -7*o**3 - 2*o - 3 + 8*o**3 + 0*o + 4. Suppose 2*r - 2 - 2 = 0. What is the units digit of l(r)?
5
Suppose -3*o - 65 = 2*o. Let f = 17 + o. What is the units digit of f?
4
Suppose -12 = -7*a + 4*a. What is the units digit of a?
4
Let u be 1/(-2)*(-24)/(-3). Let o(k) = -k**2 - 7*k - 5. Let m be o(u). Suppose m*z - 3*z - 24 = 0. What is the units digit of z?
6
Let o be (2 - (3 - 2)) + 3. Suppose -o*c + 2*c - 10 = 0. What is the units digit of 6*c/(45/(-6))?
4
Let u(w) be the third derivative of w**6/120 + 2*w**5/15 - 11*w**4/24 - 11*w**3/6 - 3*w**2. What is the units digit of u(-9)?
7
Suppose 0 = -3*i - l + 26, 0*l - 41 = -3*i - 4*l. Let y = -10 + i. What is the units digit of (-30)/y + -2 - -2?
0
Let v(t) = -t**2 - 3*t - 2. Let u = 1 + -3. Let f be v(u). What is the units digit of 15/3 + 0 + f?
5
Let z(c) = c**2 + 18. What is the tens digit of z(-9)?
9
What is the units digit of (19 - 17)/((-2)/(-151))?
1
Let n(i) = -3*i + 7. Let y(t) = -t + 4. Let s(k) = 2*n(k) - 5*y(k). Let q be s(0). Let d(u) = u**3 + 6*u**2 - 2*u - 4. What is the units digit of d(q)?
8
Suppose -4160 = -4*u - 16*u. What is the tens digit of u?
0
Let i(y) = -8 + 9*y**3 + 5 + 2. Let a = -1 - -2. What is the units digit of i(a)?
8
Let y(v) = 8*v + 5. Let q(a) = -a. Let o(l) = -4*q(l) - y(l). What is the tens digit of o(-9)?
3
What is the units digit of 6/(-3)*(-123)/6?
1
Let f(l) = l**3 - 17*l**2 + 15*l + 17. Let s be f(16). Let u(v) = v - v + 1 + 4*v**2. What is the units digit of u(s)?
5
Let k(d) = d + 6. Let h be (-42)/(-6) - 2/1. What is the tens digit of k(h)?
1
Let w = 403 - 194. What is the tens digit of w?
0
Let i = 5 + -2. Suppose -3*l + 5*v = 2*l + 5, i*l - v = 3. Suppose 0*p = -p + l. What is the units digit of p?
2
Let p(r) = 2*r**2 + r - 8. Let k be p(3). What is the units digit of 2/2*(k - -1)?
4
Let c(i) = -4*i + 2*i - 13 + 0*i + 3*i. Let u be c(11). Let a(g) = -2*g**3 - 3*g**2 - 2*g + 1. What is the units digit of a(u)?
9
Let j be (10/8)/(2/(-24)). What is the tens digit of 34/3*j/(-10)?
1
Let u = 11 - 5. What is the units digit of u?
6
Suppose 2*n + k - 8 = -k, 0 = 5*k + 5. Suppose 3*d = 5*t - 12, 5*d + n - 1 = 3*t. What is the units digit of d?
1
Suppose p - 2 + 0 = 0. Let o be ((-3)/2)/((-1)/2). Suppose 2*g + 2*g - o*y - 12 = 0, 0 = g - y - p. What is the units digit of g?
6
Let z = -5 + 17. Suppose -4*t = z, -7*i + 35 = -3*i + 3*t. What is the units digit of i?
1
Suppose -c - c = -4*l - 14, -c = 3*l - 2. Let s = -4 + c. Suppose 3*j = 2*j + s. What is the units digit of j?
1
Suppose -5*b + 41 = -p - 2*p, -3*b + 4*p = -29. Suppose -4*s = 2*c - 16, -b = c - 5*c - 3*s. Let g = c - -3. What is the units digit of g?
1
Let j(w) = 2*w**2 + 8*w + 8. Let a be j(-6). Suppose 0*g - g - 27 = -3*f, 2*f + 4*g - a = 0. What is the units digit of f?
0
Let v(c) = -c - 3. Let g(n) = n. Let s be g(-7). Let k be v(s). Suppose 2*r = k*q - q + 22, -3*r + 20 = 2*q. What is the units digit of r?
8
What is the hundreds digit of (37/(-1) - 2)/(3/(-26))?
3
Let k(h) be the second derivative of h**5/60 - h**3/6 - h**2 + 2*h. Let d(